{"id":11,"date":"2014-11-11T11:14:05","date_gmt":"2014-11-11T11:14:05","guid":{"rendered":"http:\/\/anpsthemes.com\/constructo\/?page_id=11"},"modified":"2023-01-12T03:32:26","modified_gmt":"2023-01-12T00:32:26","slug":"about-us","status":"publish","type":"page","link":"https:\/\/www.ismetkaygisiz.com\/?page_id=11","title":{"rendered":"B\u0130YOGRAF\u0130"},"content":{"rendered":"<div class=\"wpb-content-wrapper\"><p>[vc_row css=&#8221;.vc_custom_1623600018850{margin-top: 45px !important;}&#8221;][vc_column][vc_single_image image=&#8221;904&#8243; img_size=&#8221;full&#8221;][\/vc_column][\/vc_row][vc_row][vc_column][vc_single_image image=&#8221;1039&#8243; img_size=&#8221;medium&#8221; alignment=&#8221;center&#8221; style=&#8221;vc_box_circle_2&#8243;][vc_column_text]<\/p>\n<h1 style=\"text-align: center;\"><strong>\u0130smet KAYGISIZ<\/strong><\/h1>\n<p style=\"text-align: center;\">1982 y\u0131l\u0131nda Adana&#8217;da do\u011fdum. \u0130lkokul ve ortaokul e\u011fitimimi Zonguldak&#8217;ta tamamlad\u0131m. Lise e\u011fitimimi Adana&#8217;da tamamlad\u0131m. T\u0131p fak\u00fcltesini Kahramanmara\u015f&#8217;ta bitirdim. Psikiyatri ihtisas\u0131m\u0131 Zonguldak Karaelmas \u00dcniversitesi&#8217;nde yapt\u0131m. Zorunlu hizmetimi Diyarbak\u0131r Ergani Devlet Hastanesinde tamamlad\u0131ktan sonra Tekirda\u011f Cerkezk\u00f6y \u00d6zel \u0130rmet Hastanesinde 5 y\u0131l g\u00f6rev yapt\u0131m.<\/p>\n<p style=\"text-align: center;\">2021 Haziran ay\u0131nda Edirne&#8217; de \u00f6zel muayenehanemi a\u00e7t\u0131m. Muayenehanemde t\u00fcm psikiyatrik hastal\u0131klar\u0131n ila\u00e7la tedavisine ek olarak, Cinsel Terapi ile \u00e7ift ve evlilik terapisi uygulamaktay\u0131m.<\/p>\n<h3><strong>ALDI\u011eIM E\u011e\u0130T\u0130MLER:<\/strong><\/h3>\n<p><strong>Cinsel Terapi<\/strong>: Cinsel E\u011fitim Tedavi ve Ara\u015ft\u0131rma Derne\u011fi (CETAD) b\u00fcnyesinde 75 saat teorik 96 saat s\u00fcpervizyon<\/p>\n<p><strong>\u00c7ift ve Evlilik Terapisi<\/strong>: Prof. Dr. H\u00fcrol FI\u015eILO\u011eLU&#8217;ndan ili\u015fki pusulas\u0131 b\u00fcnyesinde 80 saat teorik 40 saat s\u00fcpervizyon<\/p>\n<p><strong>\u015eema Terapi<\/strong> : Prof. Dr. Gonca Soyg\u00fct Pekak&#8217;tan ISST onayl\u0131 50 saat teorik ve pratik e\u011fitimi (2022)<\/p>\n<p>T\u00fcrkiye Psikiyatri Derne\u011fi&#8217;nden (TPD) ve pratik 100 saatlik teorik <strong>Bili\u015fsel Davran\u0131\u015f\u00e7\u0131 Psikoterapi<\/strong> E\u011fitimi<\/p>\n<p>Do\u00e7. Dr. Burhanettin KAYA&#8217;dan <strong>EMDR<\/strong> teorik e\u011fitimi[\/vc_column_text][\/vc_column][\/vc_row]<\/p>\n<\/div>","protected":false},"excerpt":{"rendered":"<p>[vc_row css=&#8221;.vc_custom_1623600018850{margin-top: 45px !important;}&#8221;][vc_column][vc_single_image image=&#8221;904&#8243; img_size=&#8221;full&#8221;][\/vc_column][\/vc_row][vc_row][vc_column][vc_single_image image=&#8221;1039&#8243; img_size=&#8221;medium&#8221; alignment=&#8221;center&#8221; style=&#8221;vc_box_circle_2&#8243;][vc_column_text] \u0130smet KAYGISIZ 1982 y\u0131l\u0131nda Adana&#8217;da do\u011fdum. \u0130lkokul ve ortaokul e\u011fitimimi Zonguldak&#8217;ta tamamlad\u0131m. Lise e\u011fitimimi Adana&#8217;da tamamlad\u0131m. T\u0131p fak\u00fcltesini Kahramanmara\u015f&#8217;ta bitirdim. Psikiyatri ihtisas\u0131m\u0131 Zonguldak Karaelmas \u00dcniversitesi&#8217;nde yapt\u0131m. Zorunlu hizmetimi Diyarbak\u0131r Ergani&#8230;<\/p>\n","protected":false},"author":1,"featured_media":0,"parent":0,"menu_order":0,"comment_status":"open","ping_status":"open","template":"","meta":{"footnotes":""},"class_list":["post-11","page","type-page","status-publish","hentry"],"_links":{"self":[{"href":"https:\/\/www.ismetkaygisiz.com\/index.php?rest_route=\/wp\/v2\/pages\/11"}],"collection":[{"href":"https:\/\/www.ismetkaygisiz.com\/index.php?rest_route=\/wp\/v2\/pages"}],"about":[{"href":"https:\/\/www.ismetkaygisiz.com\/index.php?rest_route=\/wp\/v2\/types\/page"}],"author":[{"embeddable":true,"href":"https:\/\/www.ismetkaygisiz.com\/index.php?rest_route=\/wp\/v2\/users\/1"}],"replies":[{"embeddable":true,"href":"https:\/\/www.ismetkaygisiz.com\/index.php?rest_route=%2Fwp%2Fv2%2Fcomments&post=11"}],"version-history":[{"count":23,"href":"https:\/\/www.ismetkaygisiz.com\/index.php?rest_route=\/wp\/v2\/pages\/11\/revisions"}],"predecessor-version":[{"id":1146,"href":"https:\/\/www.ismetkaygisiz.com\/index.php?rest_route=\/wp\/v2\/pages\/11\/revisions\/1146"}],"wp:attachment":[{"href":"https:\/\/www.ismetkaygisiz.com\/index.php?rest_route=%2Fwp%2Fv2%2Fmedia&parent=11"}],"curies":[{"name":"wp","href":"https:\/\/api.w.org\/{rel}","templated":true}]}}